513
In base 13, what is -241 - -b?
-233
In base 14, what is 5 + -53a?
-535
In base 11, what is 24 + 26?
4a
In base 13, what is 9 - 24?
-18
In base 12, what is 15 + 8?
21
In base 16, what is 4 + 70?
74
In base 14, what is 9 + -39?
-30
In base 15, what is 4c4 - -10?
4d4
In base 10, what is -106 + -5?
-111
In base 11, what is -31 - -381?
350
In base 15, what is 2c5 - 5?
2c0
In base 12, what is 5 - -311?
316
In base 13, what is 1 + -18b?
-18a
In base 11, what is 11 + -14?
-3
In base 10, what is 66 - 18?
48
In base 9, what is 238 + -5?
233
In base 15, what is 35 - -80?
b5
In base 16, what is -8d9 - 2?
-8db
In base 12, what is -2 + -3aa?
-3b0
In base 2, what is 11011 + -100100000?
-100000101
In base 16, what is d + 107?
114
In base 9, what is -534 - 14?
-548
In base 3, what is 112001222 + 11?
112002010
In base 5, what is -102 - -1040?
433
In base 8, what is 4 + 106?
112
In base 6, what is 110 - 210?
-100
In base 4, what is 323101 - 10?
323031
In base 13, what is 32 + 1?
33
In base 12, what is 2 - -7b5?
7b7
In base 14, what is -2b3 + 5?
-2ac
In base 7, what is 2 + 2?
4
In base 14, what is -c6 + -3?
-c9
In base 9, what is 880 + 11?
1001
In base 14, what is -63 + -1?
-64
In base 8, what is 3125 + -3?
3122
In base 4, what is 1 + -33213?
-33212
In base 3, what is 1101 - 11121?
-10020
In base 11, what is 64 - -3?
67
In base 4, what is -2 + -1012?
-1020
In base 12, what is -17 - 193?
-1aa
In base 6, what is 1113 - -1?
1114
In base 5, what is -111 - 4?
-120
In base 15, what is 4 + -28?
-24
In base 6, what is 110431 + -1?
110430
In base 10, what is 3815 - 3?
3812
In base 3, what is 12 - 100?
-11
In base 3, what is -1001222 + 10?
-1001212
In base 2, what is -110100001 + 1?
-110100000
In base 15, what is 11 + -3?
d
In base 16, what is 4 + -149?
-145
In base 16, what is -1a - -4?
-16
In base 15, what is -2 + -d7?
-d9
In base 5, what is 2034 + -3?
2031
In base 4, what is -312 - -11?
-301
In base 13, what is -58 - -8?
-50
In base 14, what is 21dd + -7?
21d6
In base 10, what is -157 - 1?
-158
In base 7, what is 314 - -31?
345
In base 13, what is -11 + 6?
-8
In base 4, what is -1121 - 2?
-1123
In base 8, what is -24 - 57?
-103
In base 16, what is -5 + 5b?
56
In base 10, what is -2 - -4078?
4076
In base 9, what is 4 - 3500?
-3485
In base 6, what is -50 + 10?
-40
In base 12, what is -17 + -937?
-952
In base 7, what is -1145 - 41?
-1216
In base 15, what is -5 - 32e?
-334
In base 9, what is 38 + 15?
54
In base 8, what is -54 - 2?
-56
In base 9, what is -5186 + 0?
-5186
In base 3, what is -10112 - -2020?
-1022
In base 3, what is -1212 - -100?
-1112
In base 11, what is 4994 + 2?
4996
In base 3, what is -10 - -1202?
1122
In base 2, what is 10011 + -1?
10010
In base 9, what is 43 + -62?
-18
In base 3, what is -2201 + -10?
-2211
In base 9, what is 42 + -237?
-185
In base 6, what is 32232 - 5?
32223
In base 10, what is -1732 - 1?
-1733
In base 10, what is -31 + 181?
150
In base 8, what is -1215 - 1?
-1216
In base 3, what is -12 - 1210221?
-1211010
In base 3, what is 2 - 12220002?
-12220000
In base 4, what is -133 + 223?
30
In base 5, what is -14 + 34220?
34201
In base 3, what is -10120 + -1101?
-11221
In base 11, what is a - -5?
14
In base 6, what is -1 + -5231?
-5232
In base 16, what is -2 + -689?
-68b
In base 12, what is a + -20?
-12
In base 4, what is 3 - -3133?
3202
In base 4, what is -1022332 + 0?
-1022332
In base 3, what is -1200011 + 12?
-1122222
In base 3, what is 101222221 + 11?
102000002
In base 15, what is -10 - -2b?
1b
In base 10, what is -56 + 24?
-32
In base 15, what is 7 - -192?
199
In base 7, what is 24 + -522?
-465
In base 13, what is 4 + -38?
-34
In base 10, what is -103 + 2?
-101
In base 3, what is -1 - 10?
-11
In base 13, what is -7 + -3?
-a
In base 7, what is -114 - -2?
-112
In base 8, what is 0 - -46?
46
In base 7, what is 1156 - 4?
1152
In base 8, what is -10 - 1046?
-1056
In base 2, what is 0 + 100011000?
100011000
In base 15, what is 989 + 2?
98b
In base 2, what is 101111010000 - -1?
101111010001
In base 5, what is 1 - -311?
312
In base 15, what is -7 + -5?
-c
In base 7, what is -31 - 402?
-433
In base 11, what is 0 - -a95?
a95
In base 15, what is -69 - 5?
-6e
In base 8, what is 1051 - 20?
1031
In base 12, what is -258 - 2?
-25a
In base 5, what is 4442 + -1?
4441
In base 13, what is 0 - -49?
49
In base 8, what is 5 + -2?
3
In base 8, what is -65 - -554?
467
In base 9, what is 386 + 3?
400
In base 5, what is -4 - 22?
-31
In base 15, what is 12 + 4?
16
In base 6, what is 4511 - -1?
4512
In base 4, what is 12 - -1111?
1123
In base 11, what is 8 + -97?
-8a
In base 15, what is 2d15 - -2?
2d17
In base 2, what is 11010 + -1111?
1011
In base 12, what is bb8 + 1?
bb9
In base 6, what is -325 + 43?
-242
In base 16, what is -3d2 + 0?
-3d2
In base 3, what is 101 - 1000?
-122
In base 2, what is -10 + -100011?
-100101
In base 16, what is -1c6 + 27?
-19f
In base 2, what is 101111111000 - 11?
101111110101
In base 2, what is 101 - -110000011000?
110000011101
In base 2, what is 111 + 0?
111
In base 4, what is 11002 + 12?
11020
In base 13, what is 59 - 79?
-20
In base 11, what is -1a0 - 5?
-1a5
In base 5, what is 1 - -3304?
3310
In base 12, what is 30 - 2?
2a
In base 3, what is 0 + -110020?
-110020
In base 6, what is 112 + -33?
35
In base 2, what is 11 - 10101001?
-10100110
In base 14, what is 2 - 84?
-82
In base 3, what is -1001 - -1111?
110
In base 12, what is -29 - 32?
-5b
In base 3, what is 10 + -1212?
-1202
In base 13, what is 3 + -66b?
-668
In base 16, what is -8 + 31?
29
In base 14, what is -29d - -4?
-299
In base 13, what is -b61 + -4?
-b65
In base 12, what is -45 - 151?
-196
In base 10, what is -124 - 1?
-125
In base 6, what is 1435 + -3?
1432
In base 11, what is -a - -61?
52
In base 3, what is -2 - -2?
0
In base 2, what is 100111111 + 11?
101000010
In base 8, what is -2 + 211?
207
In base 12, what is 3 - -56?
59
In base 10, what is -2 + -13?
-15
In base 14, what is 29c - 3?
299
In base 7, what is -2 - 45?
-50
In base 14, what is 2 - -7cd?
7d1
In base 5, what is 22432 - 12?
22420
In base 14, what is -a40 - 3?
-a43
In base 14, what is -3 + 2c?
29
In base 16, what is 152 - -11?
163
In base 5, what is 1312 - -2?
1314
In base 8, what is 43 - 106?
-43
In base 5, what is 10 - -122?
132
In base 9, what is 371 + 7?
378
In base 5, what is 133 - -1?
134
In base 5, what is 23 + -34?
-11
In base 8, what is -24405 - 3?
-24410
In base 10, what is 33 + -10?
23
In base 10, what is -11 + 14?
3
In base 8, what is -2 - -67?
65
In base 13, what is -5 - 1b1?
-1b6
In base 10, what is 2 - 1571?
-1569
In base 4, what is 12232 - -3?
12301
In base 8, what is -472 - -31?
-441
In base 5, what is -10 - -2143?
2133
In base 3, what is 102011 - -1?
102012
In base 15, what is 25 - 3?
22
In base 10, what is -1489 + -2?
-1491
In base 3, what is 20222 - 11?
20211
In base 3, what is 100202 + 11?
100220
In base 8, what is -14014 + -1?
-14015
In base 7, what is 24 + 22?
46
In base 2, what is -1 + -11001?
-11010
In base 6, what is -1 - 24430?
-24431
In base 13, what is 1971 + 9?
197a
In base 10, what is 15 + 10?
25
In base 3, what is -22 - -102?
10
In base 5, what is -13 + 1132?
1114
In base 4, what is -2 - -3200?
3132
In base 11, what is -4 + -334?
-338
In base 16, what is -5 + -2f4?
-2f9
In base 13, what is -87 + -b?
-95
In base 6, what is -3402 + 21?
-3341
In base 7, what is 1215 + -3?
1212
In base 2, what is -1000111111 + 1110?
-1000110001
In base 6, what is 3 - -2?
5
In base 8, what is -3 - 136?
-141
In base 2, what is -1 - -1111011?
1111010
In base 14, what is 83 - -1?
84
In base 4, what is 3121320 - 11?
3121303
In base 13, what is 50 + -7?
46
In base 5, what is -4 - -120034?
120030
In base 3, what is 20001120 + -10?
20001110
In base 12, what is b6 - -2?
b8
In base 5, what is -4 - -130?
121
In base 8, what is -127 - 2?
-131
In base 16, what is 0 - 60c?
-60c
In base 13, what is 500 - 2?
4cb
In base 5, what is -3003 - 21?
-3024
In base 15, what is -1000 + 4?
-eeb
In base 15, what is -1d2 - -4?
-1cd
In base 8, what is 1313 - 5?
1306
In base 11, what is -aa7 - 2?
-aa9
In base 2, what is -1 - -110110001?
110110000
In base 8, what is -50 - -150?
100
In base 11, what is -165 - -2?
-163
In base 11, what is -9a + -7?
-a6
In base 13, what is 4 - 5c5?
-5c1
In base 15, what is -e4 + 8?
-db
In base 11,